ppose -52*w + 1116466 = -86*w + 60*w. What are the prime factors of w?
23, 1867
Let q = -163 + 190. Let c = -21 + 182. Let v = c + q. List the prime factors of v.
2, 47
Suppose 160 = -3*g - y + 34, 2*g + 84 = -3*y. Let i = -3 - 3. List the prime factors of i/g + (-320)/(-14).
23
Suppose -12 = -3*w - 3*u, 0 = -4*w + 3*u - 2*u + 6. Suppose -4*m = g, -g + 3*g - 10 = w*m. List the prime factors of (-966)/(-36) + m/(-6).
3
Suppose s + 108764 = 5*c, 3*s - 2 = 1. List the prime factors of c.
3, 2417
Suppose -3*g + 7611 = -5*k + 53976, 0 = 5*k - 4*g - 46360. List the prime factors of k.
2, 3, 773
Suppose 6 = -30*u + 32*u. Suppose g - 736 = -5*d + 218, -2*d + u*g + 368 = 0. Suppose n - 71 = d. List the prime factors of n.
3, 29
Let q(x) = -202*x - 130. Let d be q(-8). Suppose -y = 2*y + 4*r - d, 5*y - 2466 = 4*r. What are the prime factors of y?
2, 13, 19
Suppose -80 = -5*j - 5. Suppose 2*w = -3*a - j, -5*a = -w - w + 25. Suppose w = -2*n + 26 + 34. What are the prime factors of n?
2, 3, 5
Let g(j) = 131*j + 87. Let o be g(13). Suppose 0 = 363*n - 368*n + o. What are the prime factors of n?
2, 179
Suppose 10*d + 24 = 14*d. Let f be -10*(d/15)/(-1). Suppose 13*i = f*i + 1926. List the prime factors of i.
2, 107
Let f = -103 - -118. Suppose 5*h + 1935 = 7*q - 2*q, -f = -3*h. What are the prime factors of q?
2, 7
List the prime factors of (-7 - 6773/(-39))*(218/4 + -2).
2, 5, 7
Let d = -20 + 22. Let t be 2398/14 + 5 - d/7. Suppose 4*w - t = 2*y - 5*y, 299 = 5*y + w. What are the prime factors of y?
2, 3, 5
Let s = -1644 - -1417. Let f(u) = 329*u**2 - u + 1. Let i be f(1). Let y = i + s. What are the prime factors of y?
2, 3, 17
Let b = -44 + 102. Let u = -48 + b. Suppose -u*q + 935 = -5*q. List the prime factors of q.
11, 17
Let z(c) = c**2 - 14*c - 12. Let n be z(6). Let i = n + 186. What are the prime factors of i?
2, 3, 7
Let r(d) = -d**2 - 4*d + 6. Suppose v - 6*v = 25. Let z be r(v). Let k(u) = 45*u**3 - u**2 + u - 1. What are the prime factors of k(z)?
2, 11
Let r(b) = -3*b**3 + b**2 - 19*b + 4. Let f = -221 - -216. What are the prime factors of r(f)?
499
Suppose -4*a - 4*f - 5720 = -0*a, 0 = 4*f. Let n = a + 2033. What are the prime factors of n?
3, 67
Suppose -5*h = 5*c - 0*c + 55, 3*c - 15 = 5*h. Let z(y) = -20*y - 18. Let g be z(h). Suppose -l = l - g. List the prime factors of l.
3, 17
Let o(r) = 7*r + 203. Let l be o(-30). Let y(b) = -61*b + 221. What are the prime factors of y(l)?
2, 3
Suppose -8*q = -5*q - 7707. Suppose -5*x - a + q = 0, 11*a - 6*a = -5. List the prime factors of x.
2, 257
Suppose -126*u - 5*c + 20828 = -122*u, 4*c + 5186 = u. List the prime factors of u.
2, 3, 17
Suppose -6*l = -748 + 742. Let d(j) = 1187*j + 41. What are the prime factors of d(l)?
2, 307
Suppose 5*h = 35, 26*r - 28*r - 2*h + 22594 = 0. List the prime factors of r.
2, 5, 1129
Let u(x) = 86*x**2 + 26*x + 69. Let n be u(-5). Let h = -1386 + n. List the prime factors of h.
19, 37
Let t(y) = -y**2 - 13*y. Let r be t(-13). Suppose 28*f - 23*f - 10 = r. Suppose 5*c = f*g + 4 - 19, -2*g - c = -33. List the prime factors of g.
3, 5
Let a be (-3)/4*-2*(-66)/(-11). Suppose -13*o + a*o = -t - 3401, 5*t = 5*o - 4270. What are the prime factors of o?
3, 283
Let n = 71623 - 39575. What are the prime factors of n?
2, 2003
Suppose 2*k + 922 = 4*l, 0 = 4*k - l + 1092 + 787. Let h = 890 + k. List the prime factors of h.
419
Suppose 137*q - 80*q - 171684 = 0. What are the prime factors of q?
2, 3, 251
What are the prime factors of ((-13 - -1) + 1)*((-27368)/8)/11?
11, 311
Suppose x - 16 = -5*d, -5*x + 4*d - 34 = -114. Suppose -14*m = -x*m + 8. What are the prime factors of m*(5 + 0 + 2)?
2, 7
Suppose f = -o + 4089, 3*o = 8*o - f - 20415. What are the prime factors of o?
2, 1021
Let n(q) = -12*q**3 + 43*q**2 + 201*q + 3. What are the prime factors of n(-9)?
3, 5, 139
Let z = -154 + -41. Let n be (-20 - -17) + (1 - 2)*z. What are the prime factors of n/3*1 - 2?
2, 31
Let d(l) = 2*l**3 - 100*l**2 - 852*l - 262. List the prime factors of d(65).
2, 29, 613
Suppose 202*g = 1488345 + 1100285. List the prime factors of g.
5, 11, 233
Let t(f) = 49 - 48 - f + 42 + 51. Suppose i = -0*i. What are the prime factors of t(i)?
2, 47
Let t be (-174)/9*(-45)/10. Suppose 5*s - 2589 = -z, 4*z = 3*s + t - 1622. What are the prime factors of s?
11, 47
Let g(v) = -15 - 6*v + 0*v + 8*v + 0*v. Let t be g(9). Suppose 0 = -3*y - 5*z + 122, 110 = t*y + 3*z - z. List the prime factors of y.
2, 17
Suppose q - 4*k = 16 - 2, -2*q + 5*k = -19. Suppose q*j - 642 = c + 370, 0 = -5*c. List the prime factors of j.
2, 11, 23
Let o be 26*(-5)/(-6) - 10/(-30). Let y = 175 - o. What are the prime factors of y?
3, 17
Let m be (-3)/((-3)/(-5))*-1. Let r(g) = 3 + 64*g**2 - 6*g + 52*g**2 - 113*g**2. What are the prime factors of r(m)?
2, 3
Let b be (-10 - 91865/(-15)) + (-2)/6. Suppose -17*g - 1422 + b = 0. What are the prime factors of g?
2, 3, 23
List the prime factors of (((-33)/(-44))/(2/(-8848)))/((-6)/8).
2, 7, 79
Suppose 714*h - 51184 = 707*h. What are the prime factors of h?
2, 457
Suppose -4*d + 99 - 131 = 0, -b + d = -35619. List the prime factors of b.
149, 239
Suppose -125*v = -8829358 + 606108. What are the prime factors of v?
2, 7, 37, 127
Let m(f) = 1534*f**2 + 10*f - 30. What are the prime factors of m(3)?
2, 3, 13, 59
Let f = 163 - 48. Suppose 4*c = v + 432, 7*c - 2*v = 6*c + f. What are the prime factors of c?
107
Let k(z) = -2*z**2 - 9*z + 5. Let o be k(-5). Suppose o = 11*p - 3*p - 400. List the prime factors of p.
2, 5
Let c(j) = -j**2 + 18*j - 51. Let v be c(11). Let t = 23 - -9. Let p = t - v. What are the prime factors of p?
2, 3
List the prime factors of 2/(-22) + 42*581298/3927.
6217
Suppose 15 = 5*o - 5*z, 4*z = -o - 1 + 24. Let w(j) = -j**2 + 11*j - 23. Let m be w(o). Suppose m*h - 274 = 156. What are the prime factors of h?
2, 43
Suppose -b + 2465 = 5*c - 5522, -3*c = -b + 7955. List the prime factors of b.
31, 257
Suppose 0 = 3*f - 1741 + 655. Suppose 453 = 5*x + 4*i, 6*x - 3*i = 10*x - f. What are the prime factors of x?
89
Let c(i) = -i**3 - i**2 - 174*i + 5918. What are the prime factors of c(0)?
2, 11, 269
Suppose 281 = 5*f - 19. Suppose -5*y - 2*d - d = -f, d - 24 = -2*y. Let p = 15 + y. List the prime factors of p.
3
Let o be (3 + 0)*(0 + (1 - -431)). Suppose 9*p - o = 3*p. Suppose -6*a = -3*a - p. What are the prime factors of a?
2, 3
Suppose 9*k - 7*k = 10. Suppose 15*s - 20*s - k*r = -1400, -3*s + 816 = -5*r. What are the prime factors of s?
277
Suppose u - 2*z = 7221, 1 = 4*z - 11. Let g be (u/21)/(-3) - (-12)/(-42). Let y = g + 246. List the prime factors of y.
131
Suppose -3*o + 19 + 2 = 3*c, c - 2*o + 8 = 0. Suppose -2*d - c*s + 158 = -298, -232 = -d + s. List the prime factors of d.
2, 5, 23
Let u = 16398 + -16055. List the prime factors of u.
7
Suppose 4*r = 5*g + 16919, 2*r - 78*g + 83*g = 8497. What are the prime factors of r?
2, 3, 353
Let v be (-4)/(-14)*(7 - -14). What are the prime factors of 22/(v + (-250)/42)?
2, 3, 7, 11
Let q be -9*6/(-10) + 12/20. List the prime factors of 469 + ((-5 + 35)/q - 2).
2, 59
Let w = 4823 + 5631. What are the prime factors of w?
2, 5227
List the prime factors of (-8)/(-80) - (-310945)/50.
3, 691
Suppose -24*u + 209567 + 495100 = 27*u. What are the prime factors of u?
41, 337
Suppose -4*s + 6 = 3*r, 0 = s - 5*s + 5*r + 22. Suppose n + 480 = s*i, -10*i + 15*i + 4*n - 783 = 0. What are the prime factors of i?
3, 53
Suppose 2*m + 1008 = 2*c, 1009 = 2*c - m - 2*m. Suppose 3*r - 5*i = 2*r + c, -r - i + 515 = 0. What are the prime factors of r?
3, 19
Suppose -38128 = -2*n - 2*n - 3*k, 47665 = 5*n + 5*k. Suppose 19*l - n = 6*l. What are the prime factors of l?
733
Suppose -28*d + 34*d - 18 = 0. Suppose 0 = 3*x - d*f - 999, 2*f - 4 = 4*f. What are the prime factors of x?
331
Let u(z) = 196*z**2 - 32*z - 112. Let d(v) = -97*v**2 + 16*v + 57. Let y(f) = -5*d(f) - 2*u(f). What are the prime factors of y(-3)?
2, 103
Let c(f) = f**3 - 3*f**2 + 2*f - 4. Let j be c(3). Let t be 108 + (1/1 - 0). Suppose d = j*d - t. List the prime factors of d.
109
Let y(p) = 1349*p**2 + 29*p + 61. What are the prime factors of y(-2)?
5399
Suppose 0 = 3*w - 15*w + 396. What are the prime factors of (-4242)/(-22) + -1 + 6/w?
2, 3
Let n(k) be the third derivative of 2